{"id":2010,"date":"2023-07-14T13:59:35","date_gmt":"2023-07-14T11:59:35","guid":{"rendered":"https:\/\/rytmus.se\/stockholm\/?page_id=2010"},"modified":"2024-01-19T15:48:58","modified_gmt":"2024-01-19T14:48:58","slug":"kvalitetsresultat","status":"publish","type":"page","link":"https:\/\/rytmus.se\/stockholm\/kvalitet\/kvalitetsresultat\/","title":{"rendered":"Kvalitetsresultat"},"content":{"rendered":"\n\t<div class=\"module_wrapper ams_remote_pages_module \">\n\t\t\n\n<section  class=\"ams-cta ams-cta--stacked c-block l-stacked\" data-color-scheme=\"gra-ljus\">\n\t<div class=\"l-container l-stack l-stack-fluid-2xl u-pt-fluid-3xl-6xl u-pb-fluid-3xl-6xl is-center is-center@md\">\n\t\t\t\t\t<div class=\"ams-cta__intro l-stack l-stack-lg\">\n\t\t\t\t\t\n\t<h1\n\tclass=\"c-heading u-font-title-1 \"\n\tstyle=\"\">\n\t\t\n\t\t\t\t\tV\u00e5ra kvalitetsresultat\n\t\t\t\t\n\t<\/h1>\n\n\t\t\t\t\t\t\t\t\t<div class=\"c-text l-stack u-cs-xl u-font-body\">\n\t\t\t\t\t\t<p>Som en del av det systematiska kvalitetsarbetet sammanfattar huvudman samt varje rektor \u00e5rligen det g\u00e5ngna verksamhets\u00e5ret avseende m\u00e5l, resultat, analyser och strategier i skolans kvalitetsrapport.<\/p>\n\n\t\t\t\t\t<\/div>\n\t\t\t\t\t\t\t<\/div>\n\t\t\n\t\t\n\t\t\t<\/div>\n\n\t\t\n\n<\/section>\n\n\n<section  class=\"ams-file-manager ams-file-manager--list c-block l-stacked\" data-color-scheme=\"white\">\n\t<div class=\"l-container l-stack l-stack-fluid-2xl u-pt-fluid-3xl-6xl u-pb-fluid-3xl-6xl is-center is-center@md\">\n\t\t\t\t\t<div class=\"ams-file-manager__intro l-stack l-stack-lg\">\n\t\t\t\t\t\n\t<h2\n\tclass=\"c-heading u-font-title-1 \"\n\tstyle=\"\">\n\t\t\n\t\t\t\t\tKVALITETSRAPPORTER\n\t\t\t\t\n\t<\/h2>\n\n\t\t\t\t\t\t\t\t\t<div class=\"c-text l-stack u-cs-xl u-font-body\">\n\t\t\t\t\t\t<div class=\"ams-file-manager__intro l-stack l-stack-lg\">\n<div class=\"c-text l-stack u-cs-xl\">\n<p style=\"text-align: center;\"><span data-sheets-value=\"{&quot;1&quot;:2,&quot;2&quot;:&quot;Kvalitetsrapporten ger en \u00f6versikt av hur vi arbetar med kvalitet p\u00e5 b\u00e5de skolniv\u00e5 och huvudmannaniv\u00e5. Du kan ladda ner och l\u00e4sa kvalitetsrapporterna nedan.&quot;}\" data-sheets-userformat=\"{&quot;2&quot;:5035,&quot;3&quot;:{&quot;1&quot;:0},&quot;4&quot;:{&quot;1&quot;:2,&quot;2&quot;:15389148},&quot;6&quot;:{&quot;1&quot;:[{&quot;1&quot;:2,&quot;2&quot;:0,&quot;5&quot;:{&quot;1&quot;:2,&quot;2&quot;:0}},{&quot;1&quot;:0,&quot;2&quot;:0,&quot;3&quot;:3},{&quot;1&quot;:1,&quot;2&quot;:0,&quot;4&quot;:1}]},&quot;8&quot;:{&quot;1&quot;:[{&quot;1&quot;:2,&quot;2&quot;:0,&quot;5&quot;:{&quot;1&quot;:2,&quot;2&quot;:0}},{&quot;1&quot;:0,&quot;2&quot;:0,&quot;3&quot;:3},{&quot;1&quot;:1,&quot;2&quot;:0,&quot;4&quot;:1}]},&quot;10&quot;:0,&quot;11&quot;:4,&quot;12&quot;:0,&quot;15&quot;:&quot;Montserrat&quot;}\">Kvalitetsrapporten ger en \u00f6versikt av hur vi arbetar med kvalitet p\u00e5 b\u00e5de skolniv\u00e5 och huvudmannaniv\u00e5. Du kan ladda ner och l\u00e4sa kvalitetsrapporterna nedan.<\/span><\/p>\n<\/div>\n<\/div>\n<p>&nbsp;<\/p>\n\n\t\t\t\t\t<\/div>\n\t\t\t\t\t\t\t<\/div>\n\t\t\n\t\t\t\t\t\t<ul class=\"c-block-list\" data-cols=\"3\">\n\t\t\t\t\t<li class=\"c-block-list__item\">\n\t\t\t\t<a\n\t\t\t\t\tdownload=\"https:\/\/rytmus.se\/wp-content\/uploads\/2024\/12\/kvalitetsrapport-huvudman-rytmus-ab2324.pdf\"\n\t\t\t\t\thref=\"https:\/\/rytmus.se\/wp-content\/uploads\/2024\/12\/kvalitetsrapport-huvudman-rytmus-ab2324.pdf\"\n\t\t\t\t\ttitle=\"Huvudmannarapport 2024\/2025\"\n\t\t\t\t\tclass=\"c-block-list__link\">Huvudmannarapport 2024\/2025<\/a>\n\t\t\t<\/li>\n\t\t\t\t\t<li class=\"c-block-list__item\">\n\t\t\t\t<a\n\t\t\t\t\tdownload=\"https:\/\/rytmus.se\/wp-content\/uploads\/2025\/12\/kr-rytmus-ab2425.pdf\"\n\t\t\t\t\thref=\"https:\/\/rytmus.se\/wp-content\/uploads\/2025\/12\/kr-rytmus-ab2425.pdf\"\n\t\t\t\t\ttitle=\"KR RYTMUS AB_2425\"\n\t\t\t\t\tclass=\"c-block-list__link\">Rytmus Borl\u00e4nge 2024\/2025<\/a>\n\t\t\t<\/li>\n\t\t\t\t\t<li class=\"c-block-list__item\">\n\t\t\t\t<a\n\t\t\t\t\tdownload=\"https:\/\/rytmus.se\/wp-content\/uploads\/2025\/10\/kr-2425rytmus-goteborg.pdf\"\n\t\t\t\t\thref=\"https:\/\/rytmus.se\/wp-content\/uploads\/2025\/10\/kr-2425rytmus-goteborg.pdf\"\n\t\t\t\t\ttitle=\"KR 2425_Rytmus Go\u0308teborg\"\n\t\t\t\t\tclass=\"c-block-list__link\">Rytmus G\u00f6teborg 2024\/2025<\/a>\n\t\t\t<\/li>\n\t\t\t\t\t<li class=\"c-block-list__item\">\n\t\t\t\t<a\n\t\t\t\t\tdownload=\"https:\/\/rytmus.se\/wp-content\/uploads\/2025\/10\/kr-2425rytmus-malmo.pdf\"\n\t\t\t\t\thref=\"https:\/\/rytmus.se\/wp-content\/uploads\/2025\/10\/kr-2425rytmus-malmo.pdf\"\n\t\t\t\t\ttitle=\"KR 2425_Rytmus Malmo\u0308\"\n\t\t\t\t\tclass=\"c-block-list__link\">Rytmus Malm\u00f6 2024\/2025<\/a>\n\t\t\t<\/li>\n\t\t\t\t\t<li class=\"c-block-list__item\">\n\t\t\t\t<a\n\t\t\t\t\tdownload=\"https:\/\/rytmus.se\/wp-content\/uploads\/2025\/10\/kr-2425rytmus-stockholm.pdf\"\n\t\t\t\t\thref=\"https:\/\/rytmus.se\/wp-content\/uploads\/2025\/10\/kr-2425rytmus-stockholm.pdf\"\n\t\t\t\t\ttitle=\"KR 2425_Rytmus Stockholm\"\n\t\t\t\t\tclass=\"c-block-list__link\">Rytmus Stockholm 2024\/2025<\/a>\n\t\t\t<\/li>\n\t\t\t\t\t<li class=\"c-block-list__item\">\n\t\t\t\t<a\n\t\t\t\t\tdownload=\"https:\/\/rytmus.se\/wp-content\/uploads\/2025\/10\/kr-2425rytmus-orebro.pdf\"\n\t\t\t\t\thref=\"https:\/\/rytmus.se\/wp-content\/uploads\/2025\/10\/kr-2425rytmus-orebro.pdf\"\n\t\t\t\t\ttitle=\"KR 2425_Rytmus O\u0308rebro\"\n\t\t\t\t\tclass=\"c-block-list__link\">Rytmus \u00d6rebro 2024\/2025<\/a>\n\t\t\t<\/li>\n\t\t\t<\/ul>\n\t\n\t\t\t<\/div>\n\n\t\t\n\n<\/section>\n\t<\/div>\n\n\t\n\n\n\n<section  class=\"ams-cta ams-cta--stacked c-block l-stacked\" data-color-scheme=\"gra-ljus\">\n\t<div class=\"l-container l-stack l-stack-fluid-2xl u-pt-fluid-2xl-4xl u-pb-fluid-2xl-4xl is-center is-center@md\">\n\t\t\t\t\t<div class=\"ams-cta__intro l-stack l-stack-lg\">\n\t\t\t\t\t\n\t<h2\n\tclass=\"c-heading u-font-title-1 \"\n\tstyle=\"\">\n\t\t\n\t\t\t\t\tV\u00e5rt kvalitetsarbete\n\t\t\t\t\n\t<\/h2>\n\n\t\t\t\t\t\t\t\t\t<div class=\"c-text l-stack u-cs-xl u-font-body\">\n\t\t\t\t\t\t<p>G\u00e5 vidare f\u00f6r att l\u00e4sa mer om v\u00e5rt kvalitetsarbete. Vi har \u00e4ven en funktion d\u00e4r du kan l\u00e4mna synpunkter till huvudman.<\/p>\n\n\t\t\t\t\t<\/div>\n\t\t\t\t\t\t\t<\/div>\n\t\t\n\t\t\n\t\t\t<div class=\"ams-cta__action u-inline-items\">\n\t\t\t\t\t\t\t\n\n\n<a href=\"https:\/\/rytmus.se\/stockholm\/kvalitet\/\"\n\t\n\tclass=\"c-btn \"\n\tdata-style=\"square\"\n\tdata-size=\"md\"\n\tdata-width=\"full-mobile\"\n\tdata-variant=\"default\"\n\ttarget=\"_self\">\n\t\t\t<span class=\"label\"> Om v\u00e5rt kvalitetsarbete<\/span>\n\t\t\t<\/a>\n\t\t\t\t\t\t\t\n\n\n<a href=\"https:\/\/rytmus.se\/kvalitet\/synpunkter-pa-verksamheten\/\"\n\t\n\tclass=\"c-btn \"\n\tdata-style=\"square\"\n\tdata-size=\"md\"\n\tdata-width=\"full-mobile\"\n\tdata-variant=\"outline\"\n\ttarget=\"_self\">\n\t\t\t<span class=\"label\"> L\u00e4mna synpunkter<\/span>\n\t\t\t<\/a>\n\t\t\t<\/div>\n\t<\/div>\n\n\t\t\n\n<\/section>\n","protected":false},"excerpt":{"rendered":"","protected":false},"author":3,"featured_media":0,"parent":1994,"menu_order":0,"comment_status":"closed","ping_status":"closed","template":"","meta":{"footnotes":""},"yoast_head":"<!-- This site is optimized with the Yoast SEO plugin v22.0 - https:\/\/yoast.com\/wordpress\/plugins\/seo\/ -->\n<title>V\u00e5ra kvalitetsresultat p\u00e5 Rytmus Stockholm | Rytmus musikgymnasium<\/title>\n<meta name=\"description\" content=\"Som en del av det systematiska kvalitetsarbetet sammanfattar huvudman samt varje rektor \u00e5rligen det g\u00e5ngna verksamhets\u00e5ret.\" \/>\n<meta name=\"robots\" content=\"index, follow, max-snippet:-1, max-image-preview:large, max-video-preview:-1\" \/>\n<link rel=\"canonical\" href=\"https:\/\/rytmus.se\/kvalitet\/betygsresultat\/\" \/>\n<meta property=\"og:locale\" content=\"sv_SE\" \/>\n<meta property=\"og:type\" content=\"article\" \/>\n<meta property=\"og:title\" content=\"V\u00e5ra kvalitetsresultat p\u00e5 Rytmus Stockholm | Rytmus musikgymnasium\" \/>\n<meta property=\"og:description\" content=\"Som en del av det systematiska kvalitetsarbetet sammanfattar huvudman samt varje rektor \u00e5rligen det g\u00e5ngna verksamhets\u00e5ret.\" \/>\n<meta property=\"og:url\" content=\"https:\/\/rytmus.se\/kvalitet\/betygsresultat\/\" \/>\n<meta property=\"og:site_name\" content=\"Stockholm\" \/>\n<meta property=\"article:modified_time\" content=\"2024-01-19T14:48:58+00:00\" \/>\n<meta name=\"twitter:card\" content=\"summary_large_image\" \/>\n<meta name=\"twitter:title\" content=\"V\u00e5ra kvalitetsresultat p\u00e5 Rytmus Stockholm | Rytmus musikgymnasium\" \/>\n<meta name=\"twitter:description\" content=\"Som en del av det systematiska kvalitetsarbetet sammanfattar huvudman samt varje rektor \u00e5rligen det g\u00e5ngna verksamhets\u00e5ret.\" \/>\n<script type=\"application\/ld+json\" class=\"yoast-schema-graph\">{\"@context\":\"https:\/\/schema.org\",\"@graph\":[{\"@type\":\"WebPage\",\"@id\":\"https:\/\/rytmus.se\/stockholm\/kvalitet\/kvalitetsresultat\/\",\"url\":\"https:\/\/rytmus.se\/kvalitet\/betygsresultat\/\",\"name\":\"V\u00e5ra kvalitetsresultat p\u00e5 Rytmus Stockholm | Rytmus musikgymnasium\",\"isPartOf\":{\"@id\":\"https:\/\/rytmus.se\/stockholm\/#website\"},\"datePublished\":\"2023-07-14T11:59:35+00:00\",\"dateModified\":\"2024-01-19T14:48:58+00:00\",\"description\":\"Som en del av det systematiska kvalitetsarbetet sammanfattar huvudman samt varje rektor \u00e5rligen det g\u00e5ngna verksamhets\u00e5ret.\",\"breadcrumb\":{\"@id\":\"https:\/\/rytmus.se\/kvalitet\/betygsresultat\/#breadcrumb\"},\"inLanguage\":\"sv-SE\",\"potentialAction\":[{\"@type\":\"ReadAction\",\"target\":[\"https:\/\/rytmus.se\/kvalitet\/betygsresultat\/\"]}]},{\"@type\":\"BreadcrumbList\",\"@id\":\"https:\/\/rytmus.se\/kvalitet\/betygsresultat\/#breadcrumb\",\"itemListElement\":[{\"@type\":\"ListItem\",\"position\":1,\"name\":\"Start\",\"item\":\"https:\/\/rytmus.se\/stockholm\/\"},{\"@type\":\"ListItem\",\"position\":2,\"name\":\"V\u00e5rt kvalitetsarbete\",\"item\":\"https:\/\/rytmus.se\/stockholm\/kvalitet\/\"},{\"@type\":\"ListItem\",\"position\":3,\"name\":\"Kvalitetsresultat\"}]},{\"@type\":\"WebSite\",\"@id\":\"https:\/\/rytmus.se\/stockholm\/#website\",\"url\":\"https:\/\/rytmus.se\/stockholm\/\",\"name\":\"Stockholm\",\"description\":\"MAKE | MUSIC | LIVE\",\"potentialAction\":[{\"@type\":\"SearchAction\",\"target\":{\"@type\":\"EntryPoint\",\"urlTemplate\":\"https:\/\/rytmus.se\/stockholm\/?s={search_term_string}\"},\"query-input\":\"required name=search_term_string\"}],\"inLanguage\":\"sv-SE\"}]}<\/script>\n<!-- \/ Yoast SEO plugin. -->","yoast_head_json":{"title":"V\u00e5ra kvalitetsresultat p\u00e5 Rytmus Stockholm | Rytmus musikgymnasium","description":"Som en del av det systematiska kvalitetsarbetet sammanfattar huvudman samt varje rektor \u00e5rligen det g\u00e5ngna verksamhets\u00e5ret.","robots":{"index":"index","follow":"follow","max-snippet":"max-snippet:-1","max-image-preview":"max-image-preview:large","max-video-preview":"max-video-preview:-1"},"canonical":"https:\/\/rytmus.se\/kvalitet\/betygsresultat\/","og_locale":"sv_SE","og_type":"article","og_title":"V\u00e5ra kvalitetsresultat p\u00e5 Rytmus Stockholm | Rytmus musikgymnasium","og_description":"Som en del av det systematiska kvalitetsarbetet sammanfattar huvudman samt varje rektor \u00e5rligen det g\u00e5ngna verksamhets\u00e5ret.","og_url":"https:\/\/rytmus.se\/kvalitet\/betygsresultat\/","og_site_name":"Stockholm","article_modified_time":"2024-01-19T14:48:58+00:00","twitter_card":"summary_large_image","twitter_title":"V\u00e5ra kvalitetsresultat p\u00e5 Rytmus Stockholm | Rytmus musikgymnasium","twitter_description":"Som en del av det systematiska kvalitetsarbetet sammanfattar huvudman samt varje rektor \u00e5rligen det g\u00e5ngna verksamhets\u00e5ret.","schema":{"@context":"https:\/\/schema.org","@graph":[{"@type":"WebPage","@id":"https:\/\/rytmus.se\/stockholm\/kvalitet\/kvalitetsresultat\/","url":"https:\/\/rytmus.se\/kvalitet\/betygsresultat\/","name":"V\u00e5ra kvalitetsresultat p\u00e5 Rytmus Stockholm | Rytmus musikgymnasium","isPartOf":{"@id":"https:\/\/rytmus.se\/stockholm\/#website"},"datePublished":"2023-07-14T11:59:35+00:00","dateModified":"2024-01-19T14:48:58+00:00","description":"Som en del av det systematiska kvalitetsarbetet sammanfattar huvudman samt varje rektor \u00e5rligen det g\u00e5ngna verksamhets\u00e5ret.","breadcrumb":{"@id":"https:\/\/rytmus.se\/kvalitet\/betygsresultat\/#breadcrumb"},"inLanguage":"sv-SE","potentialAction":[{"@type":"ReadAction","target":["https:\/\/rytmus.se\/kvalitet\/betygsresultat\/"]}]},{"@type":"BreadcrumbList","@id":"https:\/\/rytmus.se\/kvalitet\/betygsresultat\/#breadcrumb","itemListElement":[{"@type":"ListItem","position":1,"name":"Start","item":"https:\/\/rytmus.se\/stockholm\/"},{"@type":"ListItem","position":2,"name":"V\u00e5rt kvalitetsarbete","item":"https:\/\/rytmus.se\/stockholm\/kvalitet\/"},{"@type":"ListItem","position":3,"name":"Kvalitetsresultat"}]},{"@type":"WebSite","@id":"https:\/\/rytmus.se\/stockholm\/#website","url":"https:\/\/rytmus.se\/stockholm\/","name":"Stockholm","description":"MAKE | MUSIC | LIVE","potentialAction":[{"@type":"SearchAction","target":{"@type":"EntryPoint","urlTemplate":"https:\/\/rytmus.se\/stockholm\/?s={search_term_string}"},"query-input":"required name=search_term_string"}],"inLanguage":"sv-SE"}]}},"_links":{"self":[{"href":"https:\/\/rytmus.se\/stockholm\/wp-json\/wp\/v2\/pages\/2010"}],"collection":[{"href":"https:\/\/rytmus.se\/stockholm\/wp-json\/wp\/v2\/pages"}],"about":[{"href":"https:\/\/rytmus.se\/stockholm\/wp-json\/wp\/v2\/types\/page"}],"author":[{"embeddable":true,"href":"https:\/\/rytmus.se\/stockholm\/wp-json\/wp\/v2\/users\/3"}],"replies":[{"embeddable":true,"href":"https:\/\/rytmus.se\/stockholm\/wp-json\/wp\/v2\/comments?post=2010"}],"version-history":[{"count":7,"href":"https:\/\/rytmus.se\/stockholm\/wp-json\/wp\/v2\/pages\/2010\/revisions"}],"predecessor-version":[{"id":2600,"href":"https:\/\/rytmus.se\/stockholm\/wp-json\/wp\/v2\/pages\/2010\/revisions\/2600"}],"up":[{"embeddable":true,"href":"https:\/\/rytmus.se\/stockholm\/wp-json\/wp\/v2\/pages\/1994"}],"wp:attachment":[{"href":"https:\/\/rytmus.se\/stockholm\/wp-json\/wp\/v2\/media?parent=2010"}],"curies":[{"name":"wp","href":"https:\/\/api.w.org\/{rel}","templated":true}]}}