{"id":21,"date":"2022-07-25T23:07:08","date_gmt":"2022-07-25T21:07:08","guid":{"rendered":"https:\/\/rytmus.se\/orebro\/?page_id=21"},"modified":"2024-02-20T08:37:38","modified_gmt":"2024-02-20T07:37:38","slug":"live-night","status":"publish","type":"page","link":"https:\/\/rytmus.se\/orebro\/om-rytmus-orebro\/live-night\/","title":{"rendered":"Live Night"},"content":{"rendered":"\n\t<div class=\"module_wrapper ams_remote_pages_module \">\n\t\t\n\t\n\t\n\t\n\n\t\n\t\n\t\t\n<section  class=\"c-block l-stacked  \" data-color-scheme=\"gra-ljus\">\n\t<div class=\"ams-fifty ams-fifty--container ams-fifty--right ams-fifty--top l-container u-pt-fluid-3xl-6xl u-pb-fluid-3xl-6xl\">\n\t\t<div class=\"ams-fifty__content l-stack l-stack-xl is-left is-left@lg\">\n\t\t\t<div class=\"ams-fifty__text l-stack l-stack-lg\">\n\t\t\t\t\t\n\t<h1\n\tclass=\"c-heading u-font-title-1 \"\n\tstyle=\"\">\n\t\t\n\t\t\t\t\tLive Night\n\t\t\t\t\n\t<\/h1>\n\n\t\t\t\t\t\t\t\t\t<div class=\"text l-stack u-font-body\">\n\t\t\t\t\t\t<p><!-- wp:paragraph --><\/p>\n<p>I \u00e5rskurs tre g\u00f6r eleverna p\u00e5 Rytmus en musikfestival som heter Live Night. H\u00e4r f\u00e5r de anv\u00e4ndning av allt de l\u00e4rt sig under \u00e5ren genom att skapa en egen akt med precis den musik som de brinner f\u00f6r. M\u00e5nga g\u00f6r det som sitt gymnasiearbete.<\/p>\n<p>Under Live Night \u00e4r eleverna inte bara artister utan \u00e4ven arrang\u00f6rer. Produktionen vid samtliga scener (ljud &amp; ljus) rattas av musikproducenteleverna. Eleverna ansvarar ocks\u00e5 f\u00f6r marknadsf\u00f6ringen. De producerar allt fr\u00e5n crewtr\u00f6jor, affischer och VIP-kort till livestreaming, scengrafik, foto och film. Live Night och f\u00f6rberedelserna inf\u00f6r det blir tr\u00e4ning i entrepren\u00f6rskap, arrangemang och liveupptr\u00e4danden.<\/p>\n<p><!-- \/wp:paragraph --><\/p>\n\n\t\t\t\t\t<\/div>\n\t\t\t\t\t\t\t<\/div>\n\n\t\t\t\t\t<\/div>\n\n\t\t <div class=\"ams-fifty__media u-ratio-landscape\">\n\t\t \t\t\t\t\t<img decoding=\"async\" width=\"600\" height=\"600\" src=\"https:\/\/rytmus.se\/wp-content\/uploads\/2022\/10\/livenight-600x600.jpg\" class=\"attachment-md size-md\" alt=\"En grupp elever framf\u00f6r en l\u00e5t p\u00e5 en scen ljussatt med lila och rosa ljus.\" sizes=\"(min-width: 64em) 600px, calc(100vw - 160px)\" srcset=\"https:\/\/rytmus.se\/wp-content\/uploads\/2022\/10\/livenight-600x600.jpg 600w, https:\/\/rytmus.se\/wp-content\/uploads\/2022\/10\/livenight-150x150.jpg 150w, https:\/\/rytmus.se\/wp-content\/uploads\/2022\/10\/livenight-300x300.jpg 300w, https:\/\/rytmus.se\/wp-content\/uploads\/2022\/10\/livenight-400x400.jpg 400w, https:\/\/rytmus.se\/wp-content\/uploads\/2022\/10\/livenight-800x800.jpg 800w, https:\/\/rytmus.se\/wp-content\/uploads\/2022\/10\/livenight-1024x1024.jpg 1024w, https:\/\/rytmus.se\/wp-content\/uploads\/2022\/10\/livenight.jpg 1080w\" \/>\n\t\t\t\n\t\t\t\n\t\t\t\t\t<\/div>\n\t<\/div>\n\n\t\t\n\n<\/section>\n\t<\/div>\n\n\t\n\n\n\t\n\t\n\t\n\n\t\n\t\n\t\t\n<section  class=\"c-block l-stacked  \" data-color-scheme=\"\">\n\t<div class=\"ams-fifty ams-fifty--container ams-fifty--left ams-fifty--top l-container u-pt-fluid-3xl-6xl u-pb-fluid-3xl-6xl\">\n\t\t<div class=\"ams-fifty__content l-stack l-stack-xl is-left is-left@lg\">\n\t\t\t<div class=\"ams-fifty__text l-stack l-stack-lg\">\n\t\t\t\t\t\n\t<h2\n\tclass=\"c-heading u-font-title-1 \"\n\tstyle=\"\">\n\t\t\n\t\t\t\t\tUpplev Live Night\n\t\t\t\t\n\t<\/h2>\n\n\t\t\t\t\t\t\t\t\t<div class=\"text l-stack u-font-body\">\n\t\t\t\t\t\t<p>Live Night h\u00e5lls under v\u00e5ren. H\u00e5ll utkik p\u00e5 v\u00e5r <a href=\"https:\/\/www.instagram.com\/rytmusorebro\/\" target=\"_blank\" rel=\"noreferrer noopener\">Instagram<\/a> f\u00f6r mer information om eventet!<\/p>\n\n\t\t\t\t\t<\/div>\n\t\t\t\t\t\t\t<\/div>\n\n\t\t\t\t\t<\/div>\n\n\t\t <div class=\"ams-fifty__media u-ratio-landscape\">\n\t\t \t\n\t\t\t\n\t\t\t\t\t\t\t<lite-youtube videoid=\"nqdnEOD4HjI\" style=\"background-image: url('https:\/\/i.ytimg.com\/vi\/nqdnEOD4HjI\/hqdefault.jpg');\">\n\t\t\t\t\t\t<button href=\"https:\/\/youtube.com\/watch?v=nqdnEOD4HjI\" class=\"lty-playbtn\" title=\"Play Video\">\n\t\t\t\t\t\t\t<span class=\"lyt-visually-hidden\">Play Video<\/span>\n\t\t\t\t\t\t<\/button>\n\t\t\t\t\t<\/lite-youtube>\n\t\t\t\t\t<\/div>\n\t<\/div>\n\n\t\t\n\n<\/section>\n\n\n\n\n<section  class=\"ams-timeline c-block l-stacked\" data-color-scheme=\"nyans2_av_p2-card-primar2-hover-standard_standard\">\n\t<div class=\"l-container l-stack l-stack-fluid-2xl u-pt-fluid-3xl-6xl u-pb-fluid-3xl-6xl is-center is-center@md\">\n\t\t\t\t\t<div class=\"ams-timeline__intro l-stack l-stack-lg\">\n\t\t\t\t\t\n\t<h2\n\tclass=\"c-heading u-font-title-1 \"\n\tstyle=\"\">\n\t\t\n\t\t\t\t\tLive Night &#8211; step by step\n\t\t\t\t\n\t<\/h2>\n\n\t\t\t\t\t\t\t<\/div>\n\t\t\n\t\t\t\t\t\n<ol class=\"c-steps\" data-variant=\"vertical\" data-size=\"md\" data-columns=\"2\">\n\t\t\t<li class=\"c-steps__item\"\n\t\t\t\n\t\t>\n\t\t\t<div class=\"c-steps__circle u-radius-round\">\n\t\t\t\t\t\t\t\t\t<img decoding=\"async\" src=\"https:\/\/rytmus.se\/wp-content\/uploads\/sites\/6\/2022\/07\/nr-1.svg\" class=\"\" alt=\"1.\" height=\"48\" width=\"22\" \/>\n\t\t\t\t\t\t\t<\/div>\n\n\t\t\t\t\t\t\t<div class=\"c-steps__content l-stack-xs\">\n\t\t\t\t\t\t\t\t\t\t\t<h3 class=\"c-steps__title u-font-title-3\">\n\t\t\t\t\t\t\t\t\t\t\t\t\t\t\tL\u00e4rarna och eleverna g\u00f6r en \u00f6vergripande planering\n\t\t\t\t\t\t\t\t\t\t\t\t\t<\/h3>\n\t\t\t\t\t\n\t\t\t\t\t\t\t\t\t<\/div>\n\t\t\t\t\t<\/li>\n\t\t\t<li class=\"c-steps__item\"\n\t\t\t\n\t\t>\n\t\t\t<div class=\"c-steps__circle u-radius-round\">\n\t\t\t\t\t\t\t\t\t<img decoding=\"async\" src=\"https:\/\/rytmus.se\/wp-content\/uploads\/sites\/6\/2022\/07\/nr-2.svg\" class=\"\" alt=\"2.\" height=\"50\" width=\"36\" \/>\n\t\t\t\t\t\t\t<\/div>\n\n\t\t\t\t\t\t\t<div class=\"c-steps__content l-stack-xs\">\n\t\t\t\t\t\t\t\t\t\t\t<h3 class=\"c-steps__title u-font-title-3\">\n\t\t\t\t\t\t\t\t\t\t\t\t\t\t\tEleverna b\u00f6rjar sin individuella planering kring det musikaliska inneh\u00e5llet\n\t\t\t\t\t\t\t\t\t\t\t\t\t<\/h3>\n\t\t\t\t\t\n\t\t\t\t\t\t\t\t\t<\/div>\n\t\t\t\t\t<\/li>\n\t\t\t<li class=\"c-steps__item\"\n\t\t\t\n\t\t>\n\t\t\t<div class=\"c-steps__circle u-radius-round\">\n\t\t\t\t\t\t\t\t\t<img decoding=\"async\" src=\"https:\/\/rytmus.se\/wp-content\/uploads\/sites\/6\/2022\/07\/nr-3.svg\" class=\"\" alt=\"3.\" height=\"58\" width=\"35\" \/>\n\t\t\t\t\t\t\t<\/div>\n\n\t\t\t\t\t\t\t<div class=\"c-steps__content l-stack-xs\">\n\t\t\t\t\t\t\t\t\t\t\t<h3 class=\"c-steps__title u-font-title-3\">\n\t\t\t\t\t\t\t\t\t\t\t\t\t\t\tAlla jobbar med att planka (skriva noter\/ackordskisser) l\u00e5tarna\n\t\t\t\t\t\t\t\t\t\t\t\t\t<\/h3>\n\t\t\t\t\t\n\t\t\t\t\t\t\t\t\t<\/div>\n\t\t\t\t\t<\/li>\n\t\t\t<li class=\"c-steps__item\"\n\t\t\t\n\t\t>\n\t\t\t<div class=\"c-steps__circle u-radius-round\">\n\t\t\t\t\t\t\t\t\t<img decoding=\"async\" src=\"https:\/\/rytmus.se\/wp-content\/uploads\/sites\/6\/2022\/07\/nr-4.svg\" class=\"\" alt=\"4.\" height=\"50\" width=\"38\" \/>\n\t\t\t\t\t\t\t<\/div>\n\n\t\t\t\t\t\t\t<div class=\"c-steps__content l-stack-xs\">\n\t\t\t\t\t\t\t\t\t\t\t<h3 class=\"c-steps__title u-font-title-3\">\n\t\t\t\t\t\t\t\t\t\t\t\t\t\t\tRepetitionerna b\u00f6rjar!\n\t\t\t\t\t\t\t\t\t\t\t\t\t<\/h3>\n\t\t\t\t\t\n\t\t\t\t\t\t\t\t\t<\/div>\n\t\t\t\t\t<\/li>\n\t\t\t<li class=\"c-steps__item\"\n\t\t\t\n\t\t>\n\t\t\t<div class=\"c-steps__circle u-radius-round\">\n\t\t\t\t\t\t\t\t\t<img decoding=\"async\" src=\"https:\/\/rytmus.se\/wp-content\/uploads\/sites\/6\/2022\/07\/nr-5.svg\" class=\"\" alt=\"5.\" height=\"48\" width=\"34\" \/>\n\t\t\t\t\t\t\t<\/div>\n\n\t\t\t\t\t\t\t<div class=\"c-steps__content l-stack-xs\">\n\t\t\t\t\t\t\t\t\t\t\t<h3 class=\"c-steps__title u-font-title-3\">\n\t\t\t\t\t\t\t\t\t\t\t\t\t\t\tPlanering och bokning av giglokal och sj\u00e4lva eventet\n\t\t\t\t\t\t\t\t\t\t\t\t\t<\/h3>\n\t\t\t\t\t\n\t\t\t\t\t\t\t\t\t<\/div>\n\t\t\t\t\t<\/li>\n\t\t\t<li class=\"c-steps__item\"\n\t\t\t\n\t\t>\n\t\t\t<div class=\"c-steps__circle u-radius-round\">\n\t\t\t\t\t\t\t\t\t<img decoding=\"async\" src=\"https:\/\/rytmus.se\/wp-content\/uploads\/sites\/6\/2022\/07\/nr-6.svg\" class=\"\" alt=\"6.\" height=\"60\" width=\"40\" \/>\n\t\t\t\t\t\t\t<\/div>\n\n\t\t\t\t\t\t\t<div class=\"c-steps__content l-stack-xs\">\n\t\t\t\t\t\t\t\t\t\t\t<h3 class=\"c-steps__title u-font-title-3\">\n\t\t\t\t\t\t\t\t\t\t\t\t\t\t\tFinslip p\u00e5 slutliga repetitioner\n\t\t\t\t\t\t\t\t\t\t\t\t\t<\/h3>\n\t\t\t\t\t\n\t\t\t\t\t\t\t\t\t<\/div>\n\t\t\t\t\t<\/li>\n\t\t\t<li class=\"c-steps__item\"\n\t\t\t\n\t\t>\n\t\t\t<div class=\"c-steps__circle u-radius-round\">\n\t\t\t\t\t\t\t\t\t<img decoding=\"async\" src=\"https:\/\/rytmus.se\/wp-content\/uploads\/sites\/6\/2022\/07\/nr-7.svg\" class=\"\" alt=\"7.\" height=\"49\" width=\"34\" \/>\n\t\t\t\t\t\t\t<\/div>\n\n\t\t\t\t\t\t\t<div class=\"c-steps__content l-stack-xs\">\n\t\t\t\t\t\t\t\t\t\t\t<h3 class=\"c-steps__title u-font-title-3\">\n\t\t\t\t\t\t\t\t\t\t\t\t\t\t\tRodd, rigg och genrep\n\t\t\t\t\t\t\t\t\t\t\t\t\t<\/h3>\n\t\t\t\t\t\n\t\t\t\t\t\t\t\t\t<\/div>\n\t\t\t\t\t<\/li>\n\t\t\t<li class=\"c-steps__item\"\n\t\t\t\n\t\t>\n\t\t\t<div class=\"c-steps__circle u-radius-round\">\n\t\t\t\t\t\t\t\t\t<img decoding=\"async\" src=\"https:\/\/rytmus.se\/wp-content\/uploads\/sites\/6\/2022\/07\/nr-8.svg\" class=\"\" alt=\"8.\" height=\"49\" width=\"40\" \/>\n\t\t\t\t\t\t\t<\/div>\n\n\t\t\t\t\t\t\t<div class=\"c-steps__content l-stack-xs\">\n\t\t\t\t\t\t\t\t\t\t\t<h3 class=\"c-steps__title u-font-title-3\">\n\t\t\t\t\t\t\t\t\t\t\t\t\t\t\tLive Night!\n\t\t\t\t\t\t\t\t\t\t\t\t\t<\/h3>\n\t\t\t\t\t\n\t\t\t\t\t\t\t\t\t<\/div>\n\t\t\t\t\t<\/li>\n\t<\/ol>\n\t\n\t\t\t<\/div>\n\n\t\t\n\n<\/section>\n\n\n\n\t<div class=\"module_wrapper ams_remote_pages_module \">\n\t\t\t\t\t\t\t<div class=\"container core-columns\">\n\t\t\t\t\t\t<div class=\"row\">\n\t\t\t\t\t\t\t<div class=\"col-12\">\n\t\t\t\t\t\t\t\t\n<div class=\"wp-block-columns is-layout-flex wp-container-core-columns-layout-1 wp-block-columns-is-layout-flex\">\n<div class=\"wp-block-column is-layout-flow wp-block-column-is-layout-flow\">\n\t<style>\n\t\t.inner {\n\n\t\t\tmargin: 0 auto;\n\n\n\t\t}\n\t<\/style>\n\t<div\n\t\t class=\"container images-module\" >\n\t\t<div class=\"row images_module__slideshow\">\n\n\t\t\t<div\n\t\t\t\t\tclass=\"col-md-12 p-0 position-relative images_module__slideshow images_module__slideshow-container  \">\n\t\t\t\t<div class=\"images_module__slide\" data-slide=\"\"\n\t\t\t\t\t data-duration=\"\"><\/div>\n\t\t\t\t\t\t\t\t\t<div\n\t\t\t\t\t\t class=\"images_module__slides\n\n\t\t\t\t\t   \"\n\t\t\t\t\t>\n\n\t\t\t\t\t\t<div class=\"images__wrapper\" style=\"aspect-ratio: 851 \/ 851;\">\n\t\t\t\t\t\t\t<img decoding=\"async\" width=\"1080\" height=\"1080\" src=\"https:\/\/rytmus.se\/wp-content\/uploads\/2022\/10\/rytmus-live-night-citat.jpg\" class=\"images__image_ratio  \" alt=\"F\u00f6redetta Rytmuselev p\u00e5 scen.\" style=\"aspect-ratio: 851 \/ 851;object-position: center center;\" srcset=\"https:\/\/rytmus.se\/wp-content\/uploads\/2022\/10\/rytmus-live-night-citat.jpg 1080w, https:\/\/rytmus.se\/wp-content\/uploads\/2022\/10\/rytmus-live-night-citat-150x150.jpg 150w, https:\/\/rytmus.se\/wp-content\/uploads\/2022\/10\/rytmus-live-night-citat-300x300.jpg 300w, https:\/\/rytmus.se\/wp-content\/uploads\/2022\/10\/rytmus-live-night-citat-400x400.jpg 400w, https:\/\/rytmus.se\/wp-content\/uploads\/2022\/10\/rytmus-live-night-citat-600x600.jpg 600w, https:\/\/rytmus.se\/wp-content\/uploads\/2022\/10\/rytmus-live-night-citat-800x800.jpg 800w, https:\/\/rytmus.se\/wp-content\/uploads\/2022\/10\/rytmus-live-night-citat-1024x1024.jpg 1024w\" sizes=\"(max-width: 1080px) 100vw, 1080px\" \/>\t\t\t\t\t\t<\/div>\n\t\t\t\t\t\t\n\n\t\t\t\t\t\t\t\t\t\t\t<\/div>\n\t\t\t\t\n\t\t\t\t<div class=\"images_module__container_dot\">\n\t\t\t\t\t<div style=\"text-align:center\">\n\n\n\t\t\t\t\t\t\t\t\t\t\t\t\t<span   data-i=\"0\"\n\t\t\t\t\t\t\t\t  class=\"\n\t\t\t\t\t\t\timages_module__dot\n\t\t\t\t\t\t\t\t\t\t\t\t\t\t\"\n\t\t\t\t\t\t\t><\/span>\n\t\t\t\t\t\t\t\t\t\t\t<\/div>\n\t\t\t\t<\/div>\n\n\n\t\t\t<\/div>\n\t\t<\/div>\n\t<\/div>\n\n\t\n\n\n<script>\n\tvar images_display_descriptive_text = \"\";\n<\/script>\n<\/div>\n\n\n\n<div class=\"wp-block-column is-vertically-aligned-center is-layout-flow wp-block-column-is-layout-flow\">\n\n<section  class=\"ams-quote c-block l-stacked\" data-color-scheme=\"bakgrund-hover-standard\">\n\t<div class=\"l-container l-stack l-stack-fluid-2xl u-pt-fluid-3xl-6xl u-pb-fluid-3xl-6xl is-center is-center@md\">\n\t\t\n\t\t\t\t\t<ul class=\"ams-quote__list l-grid u-gap-fluid-2xl-4xl u-justify-center\" aria-label=\"Citat\">\n\t\t\t<li class=\"l-col-12@md\">\n\t\t\t<article class=\"c-card\" data-variant=\"quote\" >\n\t\t\t\t<div class=\"c-card__content l-stack u-text-left\">\n\t\t\t\t\t\t\t\t\t\t\t<blockquote class=\"c-card__title u-font-preamble\">\n\t\t\t\t\t\t\t\t\t\t\t\t\t\t\t<p>&#8221;Live Night \u00e4r verkligen det stora under gymnasietiden, att man fick g\u00f6ra sin egna akt och st\u00e5 p\u00e5 egna ben. Det var ocks\u00e5 v\u00e4ldigt roligt och utvecklande att man fick arrangera festivalen tillsammans med sina klasskamrater&#8221;<\/p>\n\t\t\t\t\t\t\t\t\t\t\t\t\t<\/blockquote>\n\t\t\t\t\t\n\t\t\t\t\t\t\t\t\t\t\t<p class=\"c-card__text\">\n\t\t\t\t\t\t\t<span class=\"author u-font-body\">Amanda<\/span>\n\t\t\t\t\t\t\t<span class=\"title u-font-body\">Rytmus alumn<\/span>\n\t\t\t\t\t\t<\/p>\n\t\t\t\t\t\t\t\t\t<\/div>\n\n\t\t\t\t\t\t\t<\/article>\n\t\t<\/li>\n\t<\/ul>\n\t\n\t\t\t<\/div>\n\n\t\t\n\n<\/section>\n<\/div>\n<\/div>\n\t\t\t\t\t\t\t<\/div>\n\t\t\t\t\t\t<\/div>\n\t\t\t\t\t<\/div>\n\t\t\t\t\t\t<\/div>\n\n\t\n\n\n\t<div class=\"module_wrapper ams_remote_pages_module \">\n\t\t\n\n<section  class=\"ams-cta ams-cta--stacked c-block l-stacked\" data-color-scheme=\"gra-ljus\">\n\t<div class=\"l-container l-stack l-stack-fluid-2xl u-pt-fluid-2xl-4xl u-pb-fluid-2xl-4xl is-center is-center@md\">\n\t\t\t\t\t<div class=\"ams-cta__intro l-stack l-stack-lg\">\n\t\t\t\t\t\n\t<h2\n\tclass=\"c-heading u-font-title-1 \"\n\tstyle=\"\">\n\t\t\n\t\t\t\t\tBes\u00f6k oss\n\t\t\t\t\n\t<\/h2>\n\n\t\t\t\t\t\t\t\t\t<div class=\"c-text l-stack u-cs-xl u-font-body\">\n\t\t\t\t\t\t<p>\u00c4r du nyfiken p\u00e5 Rytmus? Bes\u00f6k oss p\u00e5 \u00d6ppet hus eller p\u00e5 en Prova p\u00e5-dag s\u00e5 f\u00e5r du se v\u00e5ra lokaler, l\u00e4ra dig mer om v\u00e5r skola och k\u00e4nna p\u00e5 Rytmusandan.<\/p>\n\n\t\t\t\t\t<\/div>\n\t\t\t\t\t\t\t<\/div>\n\t\t\n\t\t\n\t\t\t<div class=\"ams-cta__action u-inline-items\">\n\t\t\t\t\t\t\t\n\n\n<a href=\"https:\/\/rytmus.se\/orebro\/oppet-hus\/\"\n\t\n\tclass=\"c-btn \"\n\tdata-style=\"square\"\n\tdata-size=\"md\"\n\tdata-width=\"full-mobile\"\n\tdata-variant=\"default\"\n\ttarget=\"_self\">\n\t\t\t<span class=\"label\"> Kom p\u00e5 \u00d6ppet hus<\/span>\n\t\t\t<\/a>\n\t\t\t\t\t\t\t\n\n\n<a href=\"https:\/\/rytmus.se\/orebro\/prova-pa-dag\/\"\n\t\n\tclass=\"c-btn \"\n\tdata-style=\"square\"\n\tdata-size=\"md\"\n\tdata-width=\"full-mobile\"\n\tdata-variant=\"outline\"\n\ttarget=\"_self\">\n\t\t\t<span class=\"label\"> Boka Prova p\u00e5-dag<\/span>\n\t\t\t<\/a>\n\t\t\t<\/div>\n\t<\/div>\n\n\t\t\n\n<\/section>\n\t<\/div>\n\n\t","protected":false},"excerpt":{"rendered":"","protected":false},"author":1,"featured_media":0,"parent":19,"menu_order":0,"comment_status":"closed","ping_status":"closed","template":"","meta":{"footnotes":""},"yoast_head":"<!-- This site is optimized with the Yoast SEO plugin v22.0 - https:\/\/yoast.com\/wordpress\/plugins\/seo\/ -->\n<title>Live Night i \u00d6rebro | Rytmus musikgymnasium<\/title>\n<meta name=\"description\" content=\"Du kan sj\u00e4lv f\u00e5 uppleva Livenight p\u00e5 alla Rytmus skolor under v\u00e5ren. H\u00e5ll utkik efter datum h\u00e4r eller p\u00e5 v\u00e5r Instagram. V\u00e4lkommen!\" \/>\n<meta name=\"robots\" content=\"index, follow, max-snippet:-1, max-image-preview:large, max-video-preview:-1\" \/>\n<link rel=\"canonical\" href=\"https:\/\/rytmus.se\/orebro\/om-rytmus-orebro\/live-night\/\" \/>\n<meta property=\"og:locale\" content=\"sv_SE\" \/>\n<meta property=\"og:type\" content=\"article\" \/>\n<meta property=\"og:title\" content=\"Live Night i \u00d6rebro | Rytmus musikgymnasium\" \/>\n<meta property=\"og:description\" content=\"Du kan sj\u00e4lv f\u00e5 uppleva Livenight p\u00e5 alla Rytmus skolor under v\u00e5ren. H\u00e5ll utkik efter datum h\u00e4r eller p\u00e5 v\u00e5r Instagram. V\u00e4lkommen!\" \/>\n<meta property=\"og:url\" content=\"https:\/\/rytmus.se\/orebro\/om-rytmus-orebro\/live-night\/\" \/>\n<meta property=\"og:site_name\" content=\"\u00d6rebro\" \/>\n<meta property=\"article:modified_time\" content=\"2024-02-20T07:37:38+00:00\" \/>\n<meta name=\"twitter:card\" content=\"summary_large_image\" \/>\n<meta name=\"twitter:title\" content=\"Live Night i \u00d6rebro | Rytmus musikgymnasium\" \/>\n<meta name=\"twitter:description\" content=\"Du kan sj\u00e4lv f\u00e5 uppleva Livenight p\u00e5 alla Rytmus skolor under v\u00e5ren. H\u00e5ll utkik efter datum h\u00e4r eller p\u00e5 v\u00e5r Instagram. V\u00e4lkommen!\" \/>\n<script type=\"application\/ld+json\" class=\"yoast-schema-graph\">{\"@context\":\"https:\/\/schema.org\",\"@graph\":[{\"@type\":\"WebPage\",\"@id\":\"https:\/\/rytmus.se\/orebro\/om-rytmus-orebro\/live-night\/\",\"url\":\"https:\/\/rytmus.se\/orebro\/om-rytmus-orebro\/live-night\/\",\"name\":\"Live Night i \u00d6rebro | Rytmus musikgymnasium\",\"isPartOf\":{\"@id\":\"https:\/\/rytmus.se\/orebro\/#website\"},\"datePublished\":\"2022-07-25T21:07:08+00:00\",\"dateModified\":\"2024-02-20T07:37:38+00:00\",\"description\":\"Du kan sj\u00e4lv f\u00e5 uppleva Livenight p\u00e5 alla Rytmus skolor under v\u00e5ren. H\u00e5ll utkik efter datum h\u00e4r eller p\u00e5 v\u00e5r Instagram. V\u00e4lkommen!\",\"breadcrumb\":{\"@id\":\"https:\/\/rytmus.se\/orebro\/om-rytmus-orebro\/live-night\/#breadcrumb\"},\"inLanguage\":\"sv-SE\",\"potentialAction\":[{\"@type\":\"ReadAction\",\"target\":[\"https:\/\/rytmus.se\/orebro\/om-rytmus-orebro\/live-night\/\"]}]},{\"@type\":\"BreadcrumbList\",\"@id\":\"https:\/\/rytmus.se\/orebro\/om-rytmus-orebro\/live-night\/#breadcrumb\",\"itemListElement\":[{\"@type\":\"ListItem\",\"position\":1,\"name\":\"Start\",\"item\":\"https:\/\/rytmus.se\/orebro\/\"},{\"@type\":\"ListItem\",\"position\":2,\"name\":\"Om Rytmus \u00d6rebro\",\"item\":\"https:\/\/rytmus.se\/orebro\/om-rytmus-orebro\/\"},{\"@type\":\"ListItem\",\"position\":3,\"name\":\"Live Night\"}]},{\"@type\":\"WebSite\",\"@id\":\"https:\/\/rytmus.se\/orebro\/#website\",\"url\":\"https:\/\/rytmus.se\/orebro\/\",\"name\":\"\u00d6rebro\",\"description\":\"MAKE | MUSIC | LIVE\",\"potentialAction\":[{\"@type\":\"SearchAction\",\"target\":{\"@type\":\"EntryPoint\",\"urlTemplate\":\"https:\/\/rytmus.se\/orebro\/?s={search_term_string}\"},\"query-input\":\"required name=search_term_string\"}],\"inLanguage\":\"sv-SE\"}]}<\/script>\n<!-- \/ Yoast SEO plugin. -->","yoast_head_json":{"title":"Live Night i \u00d6rebro | Rytmus musikgymnasium","description":"Du kan sj\u00e4lv f\u00e5 uppleva Livenight p\u00e5 alla Rytmus skolor under v\u00e5ren. H\u00e5ll utkik efter datum h\u00e4r eller p\u00e5 v\u00e5r Instagram. V\u00e4lkommen!","robots":{"index":"index","follow":"follow","max-snippet":"max-snippet:-1","max-image-preview":"max-image-preview:large","max-video-preview":"max-video-preview:-1"},"canonical":"https:\/\/rytmus.se\/orebro\/om-rytmus-orebro\/live-night\/","og_locale":"sv_SE","og_type":"article","og_title":"Live Night i \u00d6rebro | Rytmus musikgymnasium","og_description":"Du kan sj\u00e4lv f\u00e5 uppleva Livenight p\u00e5 alla Rytmus skolor under v\u00e5ren. H\u00e5ll utkik efter datum h\u00e4r eller p\u00e5 v\u00e5r Instagram. V\u00e4lkommen!","og_url":"https:\/\/rytmus.se\/orebro\/om-rytmus-orebro\/live-night\/","og_site_name":"\u00d6rebro","article_modified_time":"2024-02-20T07:37:38+00:00","twitter_card":"summary_large_image","twitter_title":"Live Night i \u00d6rebro | Rytmus musikgymnasium","twitter_description":"Du kan sj\u00e4lv f\u00e5 uppleva Livenight p\u00e5 alla Rytmus skolor under v\u00e5ren. H\u00e5ll utkik efter datum h\u00e4r eller p\u00e5 v\u00e5r Instagram. V\u00e4lkommen!","schema":{"@context":"https:\/\/schema.org","@graph":[{"@type":"WebPage","@id":"https:\/\/rytmus.se\/orebro\/om-rytmus-orebro\/live-night\/","url":"https:\/\/rytmus.se\/orebro\/om-rytmus-orebro\/live-night\/","name":"Live Night i \u00d6rebro | Rytmus musikgymnasium","isPartOf":{"@id":"https:\/\/rytmus.se\/orebro\/#website"},"datePublished":"2022-07-25T21:07:08+00:00","dateModified":"2024-02-20T07:37:38+00:00","description":"Du kan sj\u00e4lv f\u00e5 uppleva Livenight p\u00e5 alla Rytmus skolor under v\u00e5ren. H\u00e5ll utkik efter datum h\u00e4r eller p\u00e5 v\u00e5r Instagram. V\u00e4lkommen!","breadcrumb":{"@id":"https:\/\/rytmus.se\/orebro\/om-rytmus-orebro\/live-night\/#breadcrumb"},"inLanguage":"sv-SE","potentialAction":[{"@type":"ReadAction","target":["https:\/\/rytmus.se\/orebro\/om-rytmus-orebro\/live-night\/"]}]},{"@type":"BreadcrumbList","@id":"https:\/\/rytmus.se\/orebro\/om-rytmus-orebro\/live-night\/#breadcrumb","itemListElement":[{"@type":"ListItem","position":1,"name":"Start","item":"https:\/\/rytmus.se\/orebro\/"},{"@type":"ListItem","position":2,"name":"Om Rytmus \u00d6rebro","item":"https:\/\/rytmus.se\/orebro\/om-rytmus-orebro\/"},{"@type":"ListItem","position":3,"name":"Live Night"}]},{"@type":"WebSite","@id":"https:\/\/rytmus.se\/orebro\/#website","url":"https:\/\/rytmus.se\/orebro\/","name":"\u00d6rebro","description":"MAKE | MUSIC | LIVE","potentialAction":[{"@type":"SearchAction","target":{"@type":"EntryPoint","urlTemplate":"https:\/\/rytmus.se\/orebro\/?s={search_term_string}"},"query-input":"required name=search_term_string"}],"inLanguage":"sv-SE"}]}},"_links":{"self":[{"href":"https:\/\/rytmus.se\/orebro\/wp-json\/wp\/v2\/pages\/21"}],"collection":[{"href":"https:\/\/rytmus.se\/orebro\/wp-json\/wp\/v2\/pages"}],"about":[{"href":"https:\/\/rytmus.se\/orebro\/wp-json\/wp\/v2\/types\/page"}],"author":[{"embeddable":true,"href":"https:\/\/rytmus.se\/orebro\/wp-json\/wp\/v2\/users\/1"}],"replies":[{"embeddable":true,"href":"https:\/\/rytmus.se\/orebro\/wp-json\/wp\/v2\/comments?post=21"}],"version-history":[{"count":10,"href":"https:\/\/rytmus.se\/orebro\/wp-json\/wp\/v2\/pages\/21\/revisions"}],"predecessor-version":[{"id":1683,"href":"https:\/\/rytmus.se\/orebro\/wp-json\/wp\/v2\/pages\/21\/revisions\/1683"}],"up":[{"embeddable":true,"href":"https:\/\/rytmus.se\/orebro\/wp-json\/wp\/v2\/pages\/19"}],"wp:attachment":[{"href":"https:\/\/rytmus.se\/orebro\/wp-json\/wp\/v2\/media?parent=21"}],"curies":[{"name":"wp","href":"https:\/\/api.w.org\/{rel}","templated":true}]}}